9
Let n = -17 + 7. Let y = n - -16. Let b be 38332/5180 - (-16)/10. Calculate the highest common divisor of b and y.
3
Let l(k) = -3*k**3 + 13*k**2 + 58*k. Let v be l(7). What is the highest common factor of v and 3689?
7
Let h = -2197 + 2247. What is the greatest common divisor of 225 and h?
25
Let x be (-3080)/6*(212 - 215). What is the greatest common divisor of x and 105?
35
Let g = -58 - -28. Let t be 3943 - (-4 + -5 + 0). Let d be (-4)/g + t/60. What is the greatest common factor of d and 11?
11
Suppose 4*z = -4*r + 120, 27*r + 2*z = 30*r - 85. Calculate the highest common factor of 2 and r.
1
Let j(b) = b**3 + 43*b**2 + 41*b + 131. Let k be j(-42). Calculate the greatest common divisor of k and 4.
1
Suppose -4*k + 4 = 0, 3*j - 78 = 3*k - 0*k. Suppose -7239 = -j*m + 2940. What is the greatest common factor of 29 and m?
29
Let x(v) = 3*v + 170. Let o be x(-32). What is the greatest common divisor of o and 1147?
37
Let z = 72 - 70. Suppose -5 + 9 = z*v. Suppose 100 = 4*t + 3*n - 0*n, 36 = v*t + 5*n. Calculate the greatest common factor of t and 84.
28
Suppose 205 = 4*k - 23. Let s = 82 - 12. Let h = s - k. What is the greatest common divisor of h and 143?
13
Suppose 80*z - 78*z + 364 = 2*k, 0 = -2*z - 4. Let x be (9/((-36)/(-8)))/((-2)/(-45)). What is the highest common divisor of k and x?
45
Let s(t) = -8*t - 4. Let y(p) = -p. Let k(a) = -s(a) + 12*y(a). Suppose -6*v = -2*v + 28. Let c be k(v). What is the greatest common factor of c and 80?
16
Let s(v) = 20*v**3 - v + 3. Let z be s(2). Let i = 371 - z. Let j = -69 - -111. Calculate the greatest common divisor of i and j.
42
Let b(q) = 3*q - 36. Let n be b(11). Let o be 265*((-9)/n)/3. Calculate the highest common factor of o and 53.
53
Let n(l) = 224*l + 13903. Let i be n(-62). Calculate the highest common divisor of i and 75135.
15
Suppose -149*y + 1635 = -2686. What is the highest common factor of 29 and y?
29
Suppose -28*m = -9621 - 10539. Calculate the greatest common divisor of 8 and m.
8
Let b be 44/(-6) + 16/48. Let c(k) be the third derivative of -k**4/24 + 2*k**3/3 - 14*k**2. Let o be c(b). What is the highest common divisor of o and 121?
11
Let i be -4 + ((-40)/(-4) - 3). Suppose 3*q - 12 = 0, -77 = -5*g + i*q + 236. What is the greatest common divisor of g and 13?
13
Let b = 771 + -1464. Let j = -522 - b. Calculate the highest common factor of 19 and j.
19
Suppose -13*c = -12*c + 14. Let f = c - -15. Let i be (7/(-14))/(f - (-62)/(-60)). Calculate the greatest common divisor of i and 15.
15
Let c(z) = -z**3 + 34*z**2 + z + 22. Let f be (1 + -6 - (-8 + -2)) + 29. Let p be c(f). What is the highest common factor of 476 and p?
28
Let u(i) = -i**3 + 7*i**2 + 15*i - 16. Let p be u(6). Let t = p + 450. Calculate the greatest common factor of t and 35.
35
Let n be -6 - -8 - (-9 + -1). Suppose n + 0 = 3*p. Suppose -39*t + 54 = -102. Calculate the greatest common divisor of p and t.
4
Suppose -22*r = -25*r - 5*m + 857, -2*r + 3*m = -546. What is the highest common factor of 124 and r?
31
Suppose -3*n = -6*n - 6. Let t be n/(-8) - (-3509)/44. Let p be -1 - 127/(-6) - 5/30. What is the highest common divisor of t and p?
20
Suppose -2*j + 9*z + 116 = 6*z, 5*j + 3*z = 248. Let l be ((-90)/(-10) - 11) + j. What is the highest common divisor of l and 1025?
25
Let a(x) = -973*x - 279. Let l be a(-3). Calculate the greatest common divisor of 1408 and l.
176
Suppose -25 + 160 = 15*p. Suppose 6*o - p*o = -v + 33, -2*v + o + 61 = 0. What is the greatest common factor of 66 and v?
6
Suppose -6*v = 3*v. Suppose -3*l + 4*o + 52 = v, -3*l - 2*o + 84 = l. Let t be (5/l*3)/((-1)/(-4)). What is the highest common divisor of t and 3?
3
Let q be 84/(-126) - 1444/(-6). Suppose m + q = 6*m. Calculate the highest common divisor of m and 168.
24
Let s(u) = 2*u**2 - 23*u - 7. Let r be s(17). Let y be 6/((-100)/r*2/(-5)). Calculate the greatest common factor of y and 45.
9
Suppose 21*p + 75 = 16*p. Let z be 6/p + (-1810)/(-25). Suppose 3*r = z + 24. Calculate the greatest common factor of r and 16.
16
Let j be ((-2050)/(-75))/((-1)/(6/(-4))). Suppose 39 = k - j. What is the greatest common divisor of 48 and k?
16
Let u be 14/42*(549 + -2 - -2). Suppose -d - 3*a + 6 = -4*d, -3*d - 4*a + 29 = 0. What is the highest common divisor of d and u?
3
Let r be 8*(-6 - (-63)/6). Let w = 17 + -24. Let c = 16 + w. Calculate the highest common factor of r and c.
9
Let j(f) = f**3 - 3*f**2 - 50*f + 27. Let s be j(9). Calculate the highest common factor of 9513 and s.
63
Suppose 88*a - 84*a - 496 = 0. Let o(n) = 8*n + 7. Let k be o(-6). Let h = k - -72. What is the highest common factor of a and h?
31
Let w = 47 + 68. Suppose 112*m = w*m - 612. What is the greatest common factor of m and 36?
12
Suppose 2895*o = 2899*o - 60. What is the highest common factor of 1800 and o?
15
Let f(a) = -30 + 5*a**3 + 7*a**3 - 13*a**3 + 17*a + 0*a**3 - 6*a**2. Let m be f(-9). What is the greatest common factor of m and 75?
15
Let s(a) = -46*a - 80. Let k be s(-6). Suppose -18*z + k = -16*z. What is the greatest common divisor of 56 and z?
14
Suppose 981*r + 4*g - 304 = 978*r, 3*r - 318 = 3*g. Calculate the greatest common factor of 10816 and r.
104
Let n(l) = 25*l**2 - 2806*l + 297. Let i be n(113). What is the highest common divisor of i and 141?
47
Suppose 6*a = 148 - 130. Suppose 2*s - 116 = -5*d, -2*d + 212 = a*s - 4*d. What is the highest common factor of 51 and s?
17
Let w = -717 + 847. Calculate the greatest common factor of w and 6.
2
Let c(i) = 2*i - 8. Let s be c(8). Let q be (12/(-27))/(10/(-45)). Suppose 5*j + u = q*u + 13, -3*j = 2*u. What is the highest common factor of s and j?
2
Suppose -3*l = -2*m + 8, 0 = m + 5*l - 81 + 51. Calculate the highest common factor of 56 and m.
2
Let l be -12 + 4 + 9 - -1209. What is the highest common factor of 2 and l?
2
Let q be (-2)/(-10) - 2516/(-20). Suppose 0*g = -3*g + q. Let d be (1140/(-90))/(-38) + (2976/(-18))/(-8). What is the highest common factor of d and g?
21
Let k(w) = -616*w. Let z be k(-1). Let l = z - -170. Let c = l - 445. Calculate the highest common divisor of c and 31.
31
Suppose -44*i + 104 = -40*i. Calculate the greatest common factor of i and 897.
13
Let h = -26749 - -46225. What is the highest common factor of 36 and h?
36
Suppose -j + 138 = 3*l, 0 = 4*l + 4*j - 63 - 105. Calculate the greatest common factor of 102 and l.
6
Let x = 88 + -183. Let c = x - -221. Let q(y) = y**3 - 8*y**2 + 15*y. Let k be q(6). Calculate the highest common divisor of c and k.
18
Let m(d) = -5*d - 41. Let w be m(16). Let u = w + 131. What is the greatest common divisor of 310 and u?
10
Let k = 27 + 18. Suppose -3*t = 2*t + 5*v - 85, 3*v + k = 3*t. Suppose 64 = 3*p + p. Calculate the highest common factor of p and t.
16
Let u(f) be the second derivative of f**5/20 + 7*f**4/12 + 5*f**2/2 + 26*f. Let q be u(-5). Let o = -16 + 38. What is the highest common factor of q and o?
11
Let x = -71 - -119. Let d = x + -44. Suppose 0*n + 42 = 2*b - d*n, -5*b + 3*n + 105 = 0. What is the greatest common divisor of 63 and b?
21
Let b(q) = -215*q - 2901. Let u be b(-15). What is the greatest common divisor of u and 1053?
81
Let d be 0*((-12)/8 + 2). Suppose -13*u + 121 + 347 = d. Suppose c - 5*q = 85, 7*c - 5*c - 4*q = 176. What is the highest common factor of u and c?
18
Suppose -5*v + 3*i - 1520 + 3938 = 0, -5*i = -20. Suppose 5*d - 114 + 14 = 2*h, 3*d + 4*h - 34 = 0. Calculate the greatest common divisor of v and d.
18
Suppose 0 = 42*m - 11125 + 2725. Calculate the greatest common factor of 475 and m.
25
Suppose 14*t - 7*t = -28*t + 4270. Let z = 9 - 7. What is the greatest common divisor of z and t?
2
Suppose -5*t + 10040 = 4*t + 6350. What is the greatest common divisor of 656 and t?
82
Let a(h) = -h**3 - 6*h**2 - 6*h - 3. Let l = -60 + 55. Let q be a(l). What is the greatest common divisor of 16 and q?
2
Suppose 4*f = 4*q - 40, 3*q = -0*f + f + 40. Let u(x) = x - 11. Let v be u(q). Let y = 3 + v. What is the highest common factor of y and 49?
7
Suppose -103*b + 11516 = -1462. Let o be ((-3)/(-6))/(1/28). What is the highest common factor of b and o?
14
Let t be (-189)/(-6)*(-32)/24. Let g be (-259)/t + (-3)/18. Let y be 6/24 - (-47)/4. Calculate the highest common factor of y and g.
6
Let l = -488